{"id":25,"date":"2021-07-26T09:17:43","date_gmt":"2021-07-26T07:17:43","guid":{"rendered":"http:\/\/senfinenco.be\/?page_id=25"},"modified":"2021-07-28T12:57:58","modified_gmt":"2021-07-28T10:57:58","slug":"a-propos-de","status":"publish","type":"page","link":"https:\/\/senfinenco.be\/index.php\/a-propos-de\/","title":{"rendered":"\u00c0 propos de"},"content":{"rendered":"\n<p>Senfinenco, c&rsquo;est d&rsquo;abord une discussion entre amis bruxellois soucieux de trouver une solution aux litres d&rsquo;eau potable utilis\u00e9s pendant la douche.<\/p>\n\n\n\n<p>Ce sont des tests dans un garage, avec une volont\u00e9 d&rsquo;utiliser des mat\u00e9riaux locaux, recycl\u00e9s et recyclables. Senfinenco veut \u00eatre circulaire.<\/p>\n\n\n\n<p>En 2018, Quentin d\u00e9cide de tenter sa chance au GreenLab Brussels. Son projet est retenu, et Delphine se joint \u00e0 lui. Ensemble, pendant les 6 mois de suivi, ils vont peaufiner l&rsquo;id\u00e9e, r\u00e9fl\u00e9chir aux partenaire possibles, cr\u00e9er leur r\u00e9seau.<\/p>\n\n\n\n<p>Le premier prototype est cr\u00e9\u00e9. Gr\u00e2ce \u00e0 une pr\u00e9sentation enjou\u00e9e et convaincante, Delphine et Quentin gagnent le Prix Triodos 2018, et entament les discussions d&rsquo;un premier partenariat avec le festival Esperanzah.<\/p>\n\n\n\n<p>Cependant, les d\u00e9fis techniques demandent beaucoup de temps, et le prototype doit encore \u00eatre am\u00e9lior\u00e9. Nous y travaillons dur actuellement.<\/p>\n\n\n\n<p><\/p>\n","protected":false},"excerpt":{"rendered":"<p>Senfinenco, c&rsquo;est d&rsquo;abord une discussion &hellip;<\/p>\n","protected":false},"author":1,"featured_media":30,"parent":0,"menu_order":0,"comment_status":"closed","ping_status":"closed","template":"","meta":[],"yoast_head":"<!-- This site is optimized with the Yoast SEO plugin v19.4 - https:\/\/yoast.com\/wordpress\/plugins\/seo\/ -->\n<title>\u00c0 propos de - Senfinenco<\/title>\n<meta name=\"robots\" content=\"index, follow, max-snippet:-1, max-image-preview:large, max-video-preview:-1\" \/>\n<link rel=\"canonical\" href=\"https:\/\/senfinenco.be\/index.php\/a-propos-de\/\" \/>\n<meta property=\"og:locale\" content=\"fr_FR\" \/>\n<meta property=\"og:type\" content=\"article\" \/>\n<meta property=\"og:title\" content=\"\u00c0 propos de - Senfinenco\" \/>\n<meta property=\"og:description\" content=\"Senfinenco, c&rsquo;est d&rsquo;abord une discussion &hellip;\" \/>\n<meta property=\"og:url\" content=\"https:\/\/senfinenco.be\/index.php\/a-propos-de\/\" \/>\n<meta property=\"og:site_name\" content=\"Senfinenco\" \/>\n<meta property=\"article:modified_time\" content=\"2021-07-28T10:57:58+00:00\" \/>\n<meta property=\"og:image\" content=\"http:\/\/senfinenco.be\/wp-content\/uploads\/2021\/07\/cropped-cropped-31960768_10215783824413044_8228065214851973120_o-e1627282939100.jpeg\" \/>\n\t<meta property=\"og:image:width\" content=\"512\" \/>\n\t<meta property=\"og:image:height\" content=\"337\" \/>\n\t<meta property=\"og:image:type\" content=\"image\/jpeg\" \/>\n<meta name=\"twitter:card\" content=\"summary_large_image\" \/>\n<meta name=\"twitter:label1\" content=\"Dur\u00e9e de lecture est.\" \/>\n\t<meta name=\"twitter:data1\" content=\"1 minute\" \/>\n<script type=\"application\/ld+json\" class=\"yoast-schema-graph\">{\"@context\":\"https:\/\/schema.org\",\"@graph\":[{\"@type\":\"WebSite\",\"@id\":\"https:\/\/senfinenco.be\/#website\",\"url\":\"https:\/\/senfinenco.be\/\",\"name\":\"Senfinenco\",\"description\":\"La douche qui recycle son eau\",\"potentialAction\":[{\"@type\":\"SearchAction\",\"target\":{\"@type\":\"EntryPoint\",\"urlTemplate\":\"https:\/\/senfinenco.be\/?s={search_term_string}\"},\"query-input\":\"required name=search_term_string\"}],\"inLanguage\":\"fr-BE\"},{\"@type\":\"WebPage\",\"@id\":\"https:\/\/senfinenco.be\/index.php\/a-propos-de\/\",\"url\":\"https:\/\/senfinenco.be\/index.php\/a-propos-de\/\",\"name\":\"\u00c0 propos de - Senfinenco\",\"isPartOf\":{\"@id\":\"https:\/\/senfinenco.be\/#website\"},\"datePublished\":\"2021-07-26T07:17:43+00:00\",\"dateModified\":\"2021-07-28T10:57:58+00:00\",\"breadcrumb\":{\"@id\":\"https:\/\/senfinenco.be\/index.php\/a-propos-de\/#breadcrumb\"},\"inLanguage\":\"fr-BE\",\"potentialAction\":[{\"@type\":\"ReadAction\",\"target\":[\"https:\/\/senfinenco.be\/index.php\/a-propos-de\/\"]}]},{\"@type\":\"BreadcrumbList\",\"@id\":\"https:\/\/senfinenco.be\/index.php\/a-propos-de\/#breadcrumb\",\"itemListElement\":[{\"@type\":\"ListItem\",\"position\":1,\"name\":\"\u00c0 propos de\"}]}]}<\/script>\n<!-- \/ Yoast SEO plugin. -->","yoast_head_json":{"title":"\u00c0 propos de - Senfinenco","robots":{"index":"index","follow":"follow","max-snippet":"max-snippet:-1","max-image-preview":"max-image-preview:large","max-video-preview":"max-video-preview:-1"},"canonical":"https:\/\/senfinenco.be\/index.php\/a-propos-de\/","og_locale":"fr_FR","og_type":"article","og_title":"\u00c0 propos de - Senfinenco","og_description":"Senfinenco, c&rsquo;est d&rsquo;abord une discussion &hellip;","og_url":"https:\/\/senfinenco.be\/index.php\/a-propos-de\/","og_site_name":"Senfinenco","article_modified_time":"2021-07-28T10:57:58+00:00","og_image":[{"width":512,"height":337,"url":"http:\/\/senfinenco.be\/wp-content\/uploads\/2021\/07\/cropped-cropped-31960768_10215783824413044_8228065214851973120_o-e1627282939100.jpeg","type":"image\/jpeg"}],"twitter_card":"summary_large_image","twitter_misc":{"Dur\u00e9e de lecture est.":"1 minute"},"schema":{"@context":"https:\/\/schema.org","@graph":[{"@type":"WebSite","@id":"https:\/\/senfinenco.be\/#website","url":"https:\/\/senfinenco.be\/","name":"Senfinenco","description":"La douche qui recycle son eau","potentialAction":[{"@type":"SearchAction","target":{"@type":"EntryPoint","urlTemplate":"https:\/\/senfinenco.be\/?s={search_term_string}"},"query-input":"required name=search_term_string"}],"inLanguage":"fr-BE"},{"@type":"WebPage","@id":"https:\/\/senfinenco.be\/index.php\/a-propos-de\/","url":"https:\/\/senfinenco.be\/index.php\/a-propos-de\/","name":"\u00c0 propos de - Senfinenco","isPartOf":{"@id":"https:\/\/senfinenco.be\/#website"},"datePublished":"2021-07-26T07:17:43+00:00","dateModified":"2021-07-28T10:57:58+00:00","breadcrumb":{"@id":"https:\/\/senfinenco.be\/index.php\/a-propos-de\/#breadcrumb"},"inLanguage":"fr-BE","potentialAction":[{"@type":"ReadAction","target":["https:\/\/senfinenco.be\/index.php\/a-propos-de\/"]}]},{"@type":"BreadcrumbList","@id":"https:\/\/senfinenco.be\/index.php\/a-propos-de\/#breadcrumb","itemListElement":[{"@type":"ListItem","position":1,"name":"\u00c0 propos de"}]}]}},"_links":{"self":[{"href":"https:\/\/senfinenco.be\/index.php\/wp-json\/wp\/v2\/pages\/25"}],"collection":[{"href":"https:\/\/senfinenco.be\/index.php\/wp-json\/wp\/v2\/pages"}],"about":[{"href":"https:\/\/senfinenco.be\/index.php\/wp-json\/wp\/v2\/types\/page"}],"author":[{"embeddable":true,"href":"https:\/\/senfinenco.be\/index.php\/wp-json\/wp\/v2\/users\/1"}],"replies":[{"embeddable":true,"href":"https:\/\/senfinenco.be\/index.php\/wp-json\/wp\/v2\/comments?post=25"}],"version-history":[{"count":4,"href":"https:\/\/senfinenco.be\/index.php\/wp-json\/wp\/v2\/pages\/25\/revisions"}],"predecessor-version":[{"id":221,"href":"https:\/\/senfinenco.be\/index.php\/wp-json\/wp\/v2\/pages\/25\/revisions\/221"}],"wp:featuredmedia":[{"embeddable":true,"href":"https:\/\/senfinenco.be\/index.php\/wp-json\/wp\/v2\/media\/30"}],"wp:attachment":[{"href":"https:\/\/senfinenco.be\/index.php\/wp-json\/wp\/v2\/media?parent=25"}],"curies":[{"name":"wp","href":"https:\/\/api.w.org\/{rel}","templated":true}]}}